{"id":8,"date":"2025-02-21T15:49:20","date_gmt":"2025-02-21T15:49:20","guid":{"rendered":"https:\/\/www.biznesmlm.pl\/?page_id=8"},"modified":"2025-02-21T16:02:08","modified_gmt":"2025-02-21T16:02:08","slug":"mlm","status":"publish","type":"page","link":"https:\/\/www.biznesmlm.pl\/","title":{"rendered":"MLM \u2013 Marketing sieciowy"},"content":{"rendered":"<p>W MLM produkt trafia bezpo\u015brednio od producenta do klienta bez \u017cadnych po\u015brednik\u00f3w.\u00a0 Producent lub dostawca us\u0142ug nie ponosi ogromnych \u015brodk\u00f3w zwi\u0105zanych z hurtowniami, transportem, reklam\u0105 w TV itd.\u00a0Dlatego firmy z tej bran\u017cy przeznaczaj\u0105 spor\u0105 cz\u0119\u015b\u0107 warto\u015bci sprzeda\u017cy jako premie dla swoich dystrybutor\u00f3w.<\/p>\n<p>Marketing sieciowy jest r\u00f3wnie\u017c budow\u0105 struktury ludzi takich jak Ty, czyli chc\u0105cych dzia\u0142a\u0107 w tym biznesie i chc\u0105cych szuka\u0107 kolejnych lider\u00f3w. Jest to nowoczesny spos\u00f3b podej\u015bcia do spraw biznesowych, kt\u00f3ry opiera si\u0119 na klasycznych solidnych podstawach sprawdzaj\u0105cych si\u0119 od dawna.<\/p>\n<p>Wa\u017cne jest, \u017ce w takiej formie biznesu eliminowany jest praktycznie wk\u0142ad pocz\u0105tkowy, nie musisz bra\u0107 \u017cadnych kredyt\u00f3w na start firmy. Licz\u0105 si\u0119 tylko i wy\u0142\u0105cznie Twoje ch\u0119ci odniesienia sukcesu.<\/p>\n<h2 class=\"western\">Jakie s\u0105 zarobki w MLM?<\/h2>\n<p>W <a href=\"https:\/\/gszymanski.pl\/mlm-lista-wyznaczanie-celu-prezentacja\/\">MLM<\/a> nie istniej\u0105 ograniczenia zarobkowe. Dostajesz gotowy produkt, sprawdzony plan marketingowy oraz system pracy. Tylko od Ciebie zale\u017cy co z tym zrobisz.<\/p>\n<p>W tym biznesie nie ma sta\u0142ej wyp\u0142aty. Otrzymujesz tyle ile wypracujesz. Tw\u00f3j zarobek jest adekwatny do obrotu generowanego przez Twoj\u0105 grup\u0119. Im wi\u0119kszy obr\u00f3t generowany tym wi\u0119ksza premia.<\/p>\n<p><img loading=\"lazy\" decoding=\"async\" class=\"alignnone wp-image-14 size-full\" src=\"https:\/\/www.biznesmlm.pl\/wp-content\/uploads\/2025\/02\/mlm.jpg\" alt=\"mlm\" width=\"900\" height=\"504\" srcset=\"https:\/\/www.biznesmlm.pl\/wp-content\/uploads\/2025\/02\/mlm.jpg 900w, https:\/\/www.biznesmlm.pl\/wp-content\/uploads\/2025\/02\/mlm-300x168.jpg 300w, https:\/\/www.biznesmlm.pl\/wp-content\/uploads\/2025\/02\/mlm-768x430.jpg 768w\" sizes=\"auto, (max-width: 900px) 100vw, 900px\" \/><\/p>\n<p>Na pocz\u0105tku, gdy nie masz swojej grupy klient\u00f3w i dystrybutor\u00f3w ten obr\u00f3t jest ma\u0142y, ale z czasem, grono klient\u00f3w i wsp\u00f3\u0142pracownik\u00f3w si\u0119 powi\u0119kszy i wtedy automatycznie powi\u0119kszy si\u0119 obr\u00f3t.<\/p>\n<p>Poni\u017cej przedstawiam zarobki zale\u017cne od obrotu, kt\u00f3re mo\u017cna otrzyma\u0107 w jednej z popularnych w Polsce firm dzia\u0142aj\u0105cych w modelu MLM. Oczywi\u015bcie s\u0105 to dane u\u015brednione. Kwota obrotu to wszystkie Twoje zakupy + zakupy wszystkich os\u00f3b kt\u00f3re wprowadzisz.<\/p>\n<p>Otrzymujesz odpowiednio:<\/p>\n<ul>\n<li style=\"list-style-type: none;\"><\/li>\n<li>400z\u0142 za obr\u00f3t ok. 3000 z\u0142<\/li>\n<li>800zl za obr\u00f3t ok. 7000 z\u0142<\/li>\n<li>1500 z\u0142 za obr\u00f3t ok. 10 000 z\u0142<\/li>\n<li>4000 z\u0142 za obr\u00f3t ok 20 000 z\u0142<\/li>\n<li>16 000 z\u0142 za obr\u00f3t ok 80 000 z\u0142<\/li>\n<\/ul>\n<h2 class=\"western\">Marketing sieciowy zapewnia mo\u017cliwo\u015bci finansowe<\/h2>\n<p>Tw\u00f3j sukces w tym biznesie zale\u017cy wy\u0142\u0105cznie od Twojej wiary oraz oczywi\u015bcie od zaanga\u017cowania. <a href=\"https:\/\/gszymanski.pl\/marketing-sieciowy\/\">Marketing sieciowy<\/a> wymaga cierpliwo\u015bci. Wa\u017cne s\u0105 te\u017c jest ch\u0119\u0107 nauki i wytrwa\u0142o\u015b\u0107.<\/p>\n<p>Praca konwencjonalna to z regu\u0142y codzienne 8 godzin, bez perspektyw awansu. W MLM perspektywy i mo\u017cliwo\u015bci awansu s\u0105 nieograniczone.\u00a0 W tradycyjnej pracy Twoje zarobki zawsze b\u0119d\u0105 ograniczone.<\/p>\n<p>Nie mo\u017cesz zarobi\u0107 wi\u0119cej ni\u017c kierownik, dyrektor. W marketingu sieciowym Twoje zarobki zale\u017c\u0105 tylko od Ciebie. Nie ma g\u00f3rnego pu\u0142apu gdzie firma powie: stop \u2013 Pan ju\u017c nie mo\u017ce wi\u0119cej zarabia\u0107.<\/p>\n<h3 class=\"western\">Niezale\u017cno\u015b\u0107 personalna<\/h3>\n<p>W tradycyjnej pracy jeste\u015b zawsze uzale\u017cniony od szefa, od swego otoczenia. W MLM pracujesz kiedy chcesz. Mo\u017cesz pracowa\u0107 dziennie 1 godzin\u0119, a mo\u017cesz r\u00f3wnie\u017c pracowa\u0107 24 godziny. Sam dla siebie jeste\u015b szefem. Pomy\u015bl jakim wspania\u0142ym uczuciem jest k\u0142adzenie si\u0119 spa\u0107 i brak przy \u0142\u00f3\u017cku tykaj\u0105cego budzika kt\u00f3ry wcze\u015bnie rano swoim g\u0142o\u015bnym d\u017awi\u0119kiem budzi Ci\u0119 do pracy.<\/p>\n<h3 class=\"western\">MLM to w\u0142asna firma bez kapita\u0142u<\/h3>\n<p>Aby za\u0142o\u017cy\u0107 swoj\u0105 firm\u0119 konwencjonaln\u0105 musisz po\u015bwi\u0119ci\u0107 mn\u00f3stwo \u015brodk\u00f3w i czasu. Musisz znale\u017a\u0107 nisz\u0119 na rynku aby Twoja firma odnios\u0142a sukces. Co zrobisz, gdy nie uda si\u0119 interesu rozkr\u0119ci\u0107?<\/p>\n<h3 class=\"western\">Marketing sieciowy to praca z lud\u017ami<\/h3>\n<p>W pracy tradycyjnej najcz\u0119\u015bciej masz do czynienia z tymi samymi lud\u017ami. Nie jest \u0142atwo zmieni\u0107 \u015brodowisko w pracy (np. gdy s\u0105 konflikty, gdy atmosfera si\u0119 zag\u0119szcza ). Zmiana \u015brodowiska w pracy konwencjonalnej, to cz\u0119sto zmiana pracy.<\/p>\n<p>MLM daje Ci mo\u017cliwo\u015b\u0107 kontaktu z r\u00f3\u017cnymi lud\u017ami. Nie jeste\u015b skazany na to samo towarzystwo. Poprzez cykliczne spotkania organizowane przy okazji poznania wspania\u0142ych ludzi mo\u017cesz zwiedzi\u0107 najciekawsze miejsca w Polsce i na \u015bwiecie.<\/p>\n<h3 class=\"western\">Emerytura<\/h3>\n<p>Wiesz ile b\u0119dzie wynosi\u0142a Twoja emerytura za 1\/3 \u017cycia sp\u0119dzonego w pracy? Dok\u0142adnie tyle samo ile wynosz\u0105 obecne emerytury. Tu Twoja emerytura, to grupa wsp\u00f3\u0142pracownik\u00f3w, kt\u00f3r\u0105 uda\u0142o Ci si\u0119 przez lata zbudowa\u0107. Ta grupa, kt\u00f3ra b\u0119dzie si\u0119 rozrasta\u0142a, b\u0119dzie dla Ciebie pracowa\u0107. Biznes MLM jest dziedziczny, czyli to co wypracujesz mo\u017cesz przekaza\u0107 potem swoim dzieciom, wnukom.<\/p>\n<h2 class=\"western\">Ksi\u0105\u017cki o MLM<\/h2>\n<p>Marketing sieciowy to prawdziwa szko\u0142a biznesu. Zdobyte tu do\u015bwiadczenie i umiej\u0119tno\u015bci prze\u0142o\u017c\u0105 si\u0119 na zwi\u0119kszenie komfortu \u017cycia. Ksi\u0105\u017cki na ten temat przydadz\u0105 si\u0119 w innych dziedzinach zwi\u0105zanych z zarabianiem pieni\u0119dzy i prowadzeniem w\u0142asnej firmy. Najciekawsze ksi\u0105\u017cki o MLM poni\u017cej:<\/p>\n<h3 class=\"western\">Boga\u0107 si\u0119 jak mistrzowie MLM<\/h3>\n<p>To jedna z ksi\u0105\u017cek autorstwa Piotra Zarzyckiego, kt\u00f3r\u0105 naprawd\u0119 warto przeczyta\u0107, je\u017celi planuje si\u0119 na powa\u017cnie karier\u0119 w marketingu sieciowym. Co wyr\u00f3\u017cnia j\u0105 na tle innych dost\u0119pnych na rynku publikacji konkurencyjnych?<\/p>\n<p>W spos\u00f3b jasny i przejrzysty opisuje, jak powinna wygl\u0105da\u0107 wsp\u00f3\u0142praca sponsora z now\u0105 osob\u0105, wkraczaj\u0105c\u0105 w struktury MLM. U\u015bwiadamia te\u017c, jakie pu\u0142apki mog\u0105 czeka\u0107 w tym biznesie. Zawiera porady, w jaki spos\u00f3b te pu\u0142apki omin\u0105\u0107.<\/p>\n<p>Uwag\u0119 przyci\u0105ga tak\u017ce forma przekazywania informacji. Poszczeg\u00f3lne rozdzia\u0142y stanowi\u0105 zapis biznesowych rozm\u00f3w do\u015bwiadczonego Top Lidera z cz\u0142owiekiem dopiero rozpoczynaj\u0105cym sw\u00f3j biznes MLM.<\/p>\n<p>Dzi\u0119ki temu mog\u0105 si\u0119ga\u0107 po ni\u0105 osoby stawiaj\u0105ce pierwsze kroki w marketingu sieciowym oraz do\u015bwiadczone osoby, pomagaj\u0105ce nowym adeptom wspina\u0107 si\u0119 po szczebelkach drabiny kariery w drodze na szczyt.<\/p>\n<h3 class=\"western\">My\u015bl i boga\u0107 si\u0119 \u2013 podr\u0119cznik cz\u0142owieka interesu<\/h3>\n<p>To b\u0142yskotliwa ksi\u0105\u017cka, kt\u00f3rej autorem jest Napoleon Hill. Uwa\u017ca si\u0119, \u017ce sta\u0142a si\u0119 ona niekwestionowanym klasykiem, je\u017celi chodzi o literatur\u0119 motywuj\u0105c\u0105, mobilizuj\u0105c\u0105 ludzi do dzia\u0142ania. Przet\u0142umaczona na wiele j\u0119zyk\u00f3w, wydana zosta\u0142a w wielu milionach egzemplarzy i do dzisiaj jest pozycj\u0105 po\u017c\u0105dan\u0105.<\/p>\n<p>Autor przedstawia w niej czyste fakty, przekazuje prawd\u0119 uniwersaln\u0105, radz\u0105c co zrobi\u0107 ze swoim \u017cyciem i jak osi\u0105gn\u0105\u0107 \u017cyciowy cel, nie tylko w MLM. Przyjmuje si\u0119, \u017ce ksi\u0105\u017cka ta zmieni\u0142a \u017cycie milion\u00f3w kobiet i m\u0119\u017cczyzn i nauczy\u0142a ich, jak osi\u0105ga\u0107 sukces w r\u00f3\u017cnych dziedzinach biznesu, tak\u017ce w marketingu sieciowym.<\/p>\n<h3 class=\"western\">Dekalog MLM<\/h3>\n<p>To kolejna z ksi\u0105\u017cek Piotra Zarzyckiego, obok kt\u00f3rej nie mog\u0105 przej\u015b\u0107 oboj\u0119tnie osoby nastawione na osi\u0105ganie wyznaczonych cel\u00f3w w dziedzinie marketingu sieciowego.<\/p>\n<p>Na podstawie swoich wieloletnich obserwacji autor, do\u015bwiadczony biznesmen, przygotowa\u0142 dziesi\u0119\u0107 praktycznych porad, kt\u00f3re s\u0105 gwarantami i r\u00f3wnocze\u015bnie warunkami osi\u0105gni\u0119cia skuteczno\u015bci i sukcesu w MLM.<\/p>\n<p>Je\u017celi nie b\u0119dziemy o nich pami\u0119ta\u0107, zignorujemy je, zanegujemy \u2013 nasza skuteczno\u015b\u0107 w marketingu sieciowym b\u0119dzie \u015bladowa, je\u017celi jednak uczynimy z nich nasze dewizy, uda nam si\u0119 zmieni\u0107 styl \u017cycia, zrealizowa\u0107 marzenia i osi\u0105gn\u0105\u0107 efekty, o jakich nawet nie marzyli\u015bmy.<\/p>\n<p>Szczerze polecamy ksi\u0105\u017ck\u0119 wszystkim, kt\u00f3rzy nie czuj\u0105 satysfakcji ze swojej pracy, chc\u0105 co\u015b zmieni\u0107 w swoim \u017cyciu, nie osi\u0105gaj\u0105 oczekiwanych sukces\u00f3w w MLM, maj\u0105 szereg w\u0105tpliwo\u015bci, dylemat\u00f3w, obawiaj\u0105 si\u0119 \u017ce pope\u0142niaj\u0105 b\u0142\u0119dy, kt\u00f3re mog\u0105 zniszczy\u0107 wszystko to, co do tej pory uda\u0142o si\u0119 im wypracowa\u0107.<\/p>\n<p>Po\u017cyteczne informacje znajd\u0105 tutaj tak\u017ce osoby, kt\u00f3re w strukturach marketingu sieciowego ci\u0105gle odnosz\u0105 sukcesy. Wszak wiedz\u0105 one na pewno, jak cenne jest ci\u0105g\u0142e zdobywanie nowych informacji, nowego, \u015bwie\u017cego spojrzenia na zagadnienia z pozoru znane, ale by\u0107 mo\u017ce maj\u0105ce jeszcze wiele tajemnic czy aspekt\u00f3w, z kt\u00f3rych czasami nie zdajemy sobie sprawy.<\/p>\n","protected":false},"excerpt":{"rendered":"<p>W MLM produkt trafia bezpo\u015brednio od producenta do klienta bez \u017cadnych po\u015brednik\u00f3w.\u00a0 Producent lub dostawca us\u0142ug nie ponosi ogromnych \u015brodk\u00f3w zwi\u0105zanych z hurtowniami, transportem, reklam\u0105 w TV itd.\u00a0Dlatego firmy z tej bran\u017cy przeznaczaj\u0105 spor\u0105 cz\u0119\u015b\u0107 warto\u015bci sprzeda\u017cy jako premie dla swoich dystrybutor\u00f3w. Marketing sieciowy jest r\u00f3wnie\u017c budow\u0105 struktury ludzi takich jak Ty, czyli chc\u0105cych dzia\u0142a\u0107 [&hellip;]<\/p>\n","protected":false},"author":1,"featured_media":0,"parent":0,"menu_order":0,"comment_status":"closed","ping_status":"closed","template":"","meta":{"footnotes":""},"class_list":["post-8","page","type-page","status-publish","hentry"],"_links":{"self":[{"href":"https:\/\/www.biznesmlm.pl\/index.php\/wp-json\/wp\/v2\/pages\/8","targetHints":{"allow":["GET"]}}],"collection":[{"href":"https:\/\/www.biznesmlm.pl\/index.php\/wp-json\/wp\/v2\/pages"}],"about":[{"href":"https:\/\/www.biznesmlm.pl\/index.php\/wp-json\/wp\/v2\/types\/page"}],"author":[{"embeddable":true,"href":"https:\/\/www.biznesmlm.pl\/index.php\/wp-json\/wp\/v2\/users\/1"}],"replies":[{"embeddable":true,"href":"https:\/\/www.biznesmlm.pl\/index.php\/wp-json\/wp\/v2\/comments?post=8"}],"version-history":[{"count":3,"href":"https:\/\/www.biznesmlm.pl\/index.php\/wp-json\/wp\/v2\/pages\/8\/revisions"}],"predecessor-version":[{"id":15,"href":"https:\/\/www.biznesmlm.pl\/index.php\/wp-json\/wp\/v2\/pages\/8\/revisions\/15"}],"wp:attachment":[{"href":"https:\/\/www.biznesmlm.pl\/index.php\/wp-json\/wp\/v2\/media?parent=8"}],"curies":[{"name":"wp","href":"https:\/\/api.w.org\/{rel}","templated":true}]}}